 prime factors of 6462.
2, 3, 359
List the prime factors of 18868.
2, 53, 89
List the prime factors of 2531.
2531
What are the prime factors of 109299?
3, 36433
List the prime factors of 72521.
47, 1543
What are the prime factors of 36471?
3, 12157
What are the prime factors of 2083?
2083
What are the prime factors of 559?
13, 43
What are the prime factors of 16?
2
What are the prime factors of 69294?
2, 3, 11549
What are the prime factors of 31150?
2, 5, 7, 89
What are the prime factors of 2174?
2, 1087
List the prime factors of 4134.
2, 3, 13, 53
List the prime factors of 53883.
3, 5987
What are the prime factors of 79629?
3, 11, 19, 127
What are the prime factors of 4971?
3, 1657
What are the prime factors of 16859?
23, 733
List the prime factors of 345.
3, 5, 23
List the prime factors of 192707.
107, 1801
What are the prime factors of 182918?
2, 91459
List the prime factors of 33620.
2, 5, 41
What are the prime factors of 1308?
2, 3, 109
List the prime factors of 7144.
2, 19, 47
What are the prime factors of 916?
2, 229
List the prime factors of 15423.
3, 53, 97
What are the prime factors of 59732?
2, 109, 137
What are the prime factors of 8607?
3, 19, 151
What are the prime factors of 9502?
2, 4751
List the prime factors of 1069.
1069
What are the prime factors of 7205?
5, 11, 131
What are the prime factors of 4173?
3, 13, 107
List the prime factors of 134435.
5, 7, 23, 167
List the prime factors of 25104.
2, 3, 523
List the prime factors of 3437.
7, 491
List the prime factors of 286.
2, 11, 13
What are the prime factors of 1187?
1187
List the prime factors of 15506.
2, 7753
List the prime factors of 458.
2, 229
What are the prime factors of 122809?
127, 967
List the prime factors of 14671.
17, 863
What are the prime factors of 11498?
2, 5749
List the prime factors of 57150.
2, 3, 5, 127
What are the prime factors of 35572?
2, 8893
What are the prime factors of 28661?
28661
What are the prime factors of 979?
11, 89
List the prime factors of 104680.
2, 5, 2617
List the prime factors of 947.
947
List the prime factors of 1568.
2, 7
What are the prime factors of 53765?
5, 10753
What are the prime factors of 4768?
2, 149
What are the prime factors of 26774?
2, 11, 1217
List the prime factors of 205.
5, 41
List the prime factors of 3529.
3529
What are the prime factors of 2138?
2, 1069
List the prime factors of 8121.
3, 2707
List the prime factors of 73114.
2, 139, 263
List the prime factors of 18236.
2, 47, 97
What are the prime factors of 454?
2, 227
List the prime factors of 2695.
5, 7, 11
What are the prime factors of 28807?
28807
List the prime factors of 221.
13, 17
List the prime factors of 16653.
3, 7, 13, 61
What are the prime factors of 21749?
7, 13, 239
List the prime factors of 2812.
2, 19, 37
What are the prime factors of 7505?
5, 19, 79
What are the prime factors of 459?
3, 17
List the prime factors of 7999.
19, 421
List the prime factors of 1505.
5, 7, 43
What are the prime factors of 7132?
2, 1783
List the prime factors of 3997.
7, 571
What are the prime factors of 41622?
2, 3, 7, 991
List the prime factors of 185.
5, 37
What are the prime factors of 1152?
2, 3
List the prime factors of 29627.
13, 43, 53
What are the prime factors of 32988?
2, 3, 2749
List the prime factors of 7050.
2, 3, 5, 47
What are the prime factors of 41462?
2, 20731
What are the prime factors of 122971?
122971
What are the prime factors of 5577?
3, 11, 13
List the prime factors of 712.
2, 89
What are the prime factors of 8714?
2, 4357
List the prime factors of 41779.
41, 1019
List the prime factors of 3177.
3, 353
List the prime factors of 18065.
5, 3613
List the prime factors of 1922.
2, 31
What are the prime factors of 2533?
17, 149
List the prime factors of 63940.
2, 5, 23, 139
List the prime factors of 43438.
2, 37, 587
List the prime factors of 19390.
2, 5, 7, 277
What are the prime factors of 1097?
1097
List the prime factors of 78307.
78307
What are the prime factors of 54030?
2, 3, 5, 1801
What are the prime factors of 3820?
2, 5, 191
List the prime factors of 8737.
8737
List the prime factors of 21210.
2, 3, 5, 7, 101
What are the prime factors of 1448?
2, 181
List the prime factors of 29834.
2, 7, 2131
List the prime factors of 822.
2, 3, 137
What are the prime factors of 18091?
79, 229
What are the prime factors of 14057?
14057
What are the prime factors of 87708?
2, 3, 7309
What are the prime factors of 24721?
59, 419
What are the prime factors of 77128?
2, 31, 311
List the prime factors of 49112.
2, 7, 877
List the prime factors of 28862.
2, 14431
What are the prime factors of 1278?
2, 3, 71
List the prime factors of 135.
3, 5
List the prime factors of 31406.
2, 41, 383
What are the prime factors of 2193?
3, 17, 43
List the prime factors of 613.
613
What are the prime factors of 19775?
5, 7, 113
What are the prime factors of 5360?
2, 5, 67
What are the prime factors of 19579?
7, 2797
What are the prime factors of 2702?
2, 7, 193
List the prime factors of 1560.
2, 3, 5, 13
What are the prime factors of 429?
3, 11, 13
What are the prime factors of 11907?
3, 7
List the prime factors of 1100.
2, 5, 11
List the prime factors of 158621.
158621
List the prime factors of 11296.
2, 353
List the prime factors of 693.
3, 7, 11
List the prime factors of 75372.
2, 3, 11, 571
List the prime factors of 2015.
5, 13, 31
What are the prime factors of 41639?
13, 3203
List the prime factors of 70.
2, 5, 7
What are the prime factors of 7710?
2, 3, 5, 257
What are the prime factors of 10417?
11, 947
List the prime factors of 9581.
11, 13, 67
What are the prime factors of 968?
2, 11
List the prime factors of 3770.
2, 5, 13, 29
List the prime factors of 2814.
2, 3, 7, 67
List the prime factors of 954.
2, 3, 53
What are the prime factors of 9002?
2, 7, 643
List the prime factors of 21603.
3, 19, 379
List the prime factors of 3401.
19, 179
What are the prime factors of 2140?
2, 5, 107
List the prime factors of 1262.
2, 631
What are the prime factors of 947?
947
List the prime factors of 918.
2, 3, 17
List the prime factors of 1039.
1039
List the prime factors of 26031.
3, 8677
List the prime factors of 2771.
17, 163
List the prime factors of 188.
2, 47
What are the prime factors of 44371?
44371
What are the prime factors of 4620?
2, 3, 5, 7, 11
List the prime factors of 1666.
2, 7, 17
List the prime factors of 145220.
2, 5, 53, 137
List the prime factors of 747.
3, 83
What are the prime factors of 11325?
3, 5, 151
What are the prime factors of 4881?
3, 1627
What are the prime factors of 27487?
27487
List the prime factors of 228.
2, 3, 19
What are the prime factors of 1375?
5, 11
What are the prime factors of 6727?
7, 31
List the prime factors of 1158.
2, 3, 193
What are the prime factors of 981?
3, 109
What are the prime factors of 10561?
59, 179
What are the prime factors of 56547?
3, 61, 103
List the prime factors of 342.
2, 3, 19
List the prime factors of 3075.
3, 5, 41
What are the prime factors of 14374?
2, 7187
List the prime factors of 50602.
2, 25301
List the prime factors of 21015.
3, 5, 467
List the prime factors of 412.
2, 103
What are the prime factors of 128865?
3, 5, 11, 71
What are the prime factors of 2647?
2647
What are the prime factors of 5117?
7, 17, 43
What are the prime factors of 17108?
2, 7, 13, 47
List the prime factors of 3920.
2, 5, 7
List the prime factors of 1075.
5, 43
What are the prime factors of 2?
2
What are the prime factors of 99821?
173, 577
List the prime factors of 44380.
2, 5, 7, 317
What are the prime factors of 66510?
2, 3, 5, 739
List the prime factors of 3018.
2, 3, 503
List the prime factors of 6464.
2, 101
What are the prime factors of 1043?
7, 149
List the prime factors of 6624.
2, 3, 23
What are the prime factors of 7324?
2, 1831
List the prime factors of 21980.
2, 5, 7, 157
List the prime factors of 1771.
7, 11, 23
List the prime factors of 980.
2, 5, 7
List the prime factors of 153.
3, 17
What are the prime factors of 15808?
2, 13, 19
What are the prime factors of 3713?
47, 79
What are the prime factors of 378?
2, 3, 7
List the prime factors of 54434.
2, 17, 1601
List the prime factors of 131706.
2, 3, 271
What are the prime factors of 1163?
1163
List the prime factors of 8373.
3, 2791
What are the prime factors